{"id":1966,"date":"2025-05-15T09:44:40","date_gmt":"2025-05-15T07:44:40","guid":{"rendered":"https:\/\/www.portti.org\/kauppa\/?page_id=1966"},"modified":"2025-05-15T09:44:40","modified_gmt":"2025-05-15T07:44:40","slug":"tietosuojaseloste","status":"publish","type":"page","link":"https:\/\/www.portti.org\/kauppa\/tietosuojaseloste\/","title":{"rendered":"Tietosuojaseloste"},"content":{"rendered":"<h2>Tietosuojaseloste<\/h2>\n<p><strong>Voimassa alkaen:<\/strong> 15.5.2025<\/p>\n<h3>1. Rekisterinpit\u00e4j\u00e4<\/h3>\n<p><strong>Nardus Media<\/strong><br \/>\nY-tunnus: 2240901-8<br \/>\nS\u00e4hk\u00f6posti: info@nardusmedia.fi<\/p>\n<h3>2. Mit\u00e4 tietoja ker\u00e4\u00e4mme<\/h3>\n<p>Ker\u00e4\u00e4mme asiakkaista seuraavia tietoja tilauksen ja asiakassuhteen hoitamiseksi:<\/p>\n<ul>\n<li>Nimi<\/li>\n<li>Yhteystiedot: s\u00e4hk\u00f6posti, puhelinnumero, osoite<\/li>\n<li>Tilaustiedot ja ostohistoria<\/li>\n<li>Toimitus- ja maksutavat<\/li>\n<li>S\u00e4hk\u00f6postimarkkinointilupa (jos annettu)<\/li>\n<li>IP-osoite ja ev\u00e4stetiedot (sivuston k\u00e4ytt\u00f6\u00f6n liittyen)<\/li>\n<\/ul>\n<h3>3. Mihin tarkoitukseen tietoja k\u00e4ytet\u00e4\u00e4n<\/h3>\n<p>Tietoja k\u00e4sitell\u00e4\u00e4n seuraaviin tarkoituksiin:<\/p>\n<ul>\n<li>Tilausten vastaanottaminen, k\u00e4sittely ja toimittaminen<\/li>\n<li>Asiakaspalvelu ja yhteydenpito<\/li>\n<li>Lakis\u00e4\u00e4teiset velvoitteet (esim. kirjanpito)<\/li>\n<li>Verkkokaupan kehitt\u00e4minen ja analytiikka<\/li>\n<li>S\u00e4hk\u00f6inen suoramarkkinointi (vain suostumuksella)<\/li>\n<\/ul>\n<h3>4. Tietojen s\u00e4ilytysaika<\/h3>\n<p>Henkil\u00f6tietoja s\u00e4ilytet\u00e4\u00e4n niin kauan kuin on tarpeellista asiakassuhteen hoitamisen, lakis\u00e4\u00e4teisten velvoitteiden tai palveluiden kehitt\u00e4misen kannalta.<\/p>\n<h3>5. Tietojen luovutus ja kolmannet osapuolet<\/h3>\n<p>Emme luovuta asiakastietoja ulkopuolisille, paitsi seuraavissa tilanteissa:<\/p>\n<ul>\n<li>Maksunv\u00e4litt\u00e4j\u00e4t (esim. Stripe, Klarna, PayPal)<\/li>\n<li>Logistiikka- ja kuljetusyritykset<\/li>\n<li>Tilitoimisto ja kirjanpito<\/li>\n<\/ul>\n<h3>6. Ev\u00e4steet (cookies)<\/h3>\n<p>Verkkosivumme saattaa k\u00e4ytt\u00e4\u00e4 ev\u00e4steit\u00e4 k\u00e4ytt\u00f6kokemuksen parantamiseksi ja verkkokaupan toiminnallisuuden varmistamiseksi. Asiakas voi halutessaan est\u00e4\u00e4 ev\u00e4steiden k\u00e4yt\u00f6n selaimen asetuksista, mutta se voi vaikuttaa verkkosivun toimivuuteen.<\/p>\n<h3>7. Rekister\u00f6idyn oikeudet<\/h3>\n<p>Asiakkaalla on seuraavat oikeudet:<\/p>\n<ul>\n<li>Oikeus tarkastaa omat tietonsa<\/li>\n<li>Oikeus tietojen oikaisuun ja poistamiseen<\/li>\n<li>Oikeus rajoittaa k\u00e4sittely\u00e4 tai vastustaa sit\u00e4<\/li>\n<li>Oikeus peruuttaa suostumus markkinointiin<\/li>\n<li>Oikeus tehd\u00e4 valitus tietosuojavaltuutetulle<\/li>\n<\/ul>\n<p>Pyynn\u00f6t voi l\u00e4hett\u00e4\u00e4 s\u00e4hk\u00f6postitse osoitteeseen info@nardusmedia.fi.<\/p>\n<h3>8. Tietoturva<\/h3>\n<p>Suojaamme henkil\u00f6tiedot teknisin ja organisatorisin toimin. Tietoja k\u00e4sittelev\u00e4t vain henkil\u00f6t, joilla on siihen ty\u00f6teht\u00e4viens\u00e4 perusteella oikeus.<\/p>\n<h3>9. Yhteystiedot tietosuojaan liittyen<\/h3>\n<p>Kaikissa henkil\u00f6tietojen k\u00e4sittelyyn liittyviss\u00e4 kysymyksiss\u00e4 voit ottaa meihin yhteytt\u00e4:<\/p>\n<p><strong>Nardus Media<\/strong><br \/>\nS\u00e4hk\u00f6posti: info@nardusmedia.fi<\/p>\n","protected":false},"excerpt":{"rendered":"<p>Tietosuojaseloste Voimassa alkaen: 15.5.2025 1. Rekisterinpit\u00e4j\u00e4 Nardus Media Y-tunnus: 2240901-8 S\u00e4hk\u00f6posti: info@nardusmedia.fi 2. Mit\u00e4 tietoja ker\u00e4\u00e4mme Ker\u00e4\u00e4mme asiakkaista seuraavia tietoja tilauksen ja asiakassuhteen hoitamiseksi: Nimi Yhteystiedot: s\u00e4hk\u00f6posti, puhelinnumero, osoite Tilaustiedot &#8230;<\/p>\n","protected":false},"author":1,"featured_media":0,"parent":0,"menu_order":0,"comment_status":"closed","ping_status":"closed","template":"","meta":{"footnotes":""},"class_list":["post-1966","page","type-page","status-publish","hentry"],"_links":{"self":[{"href":"https:\/\/www.portti.org\/kauppa\/wp-json\/wp\/v2\/pages\/1966","targetHints":{"allow":["GET"]}}],"collection":[{"href":"https:\/\/www.portti.org\/kauppa\/wp-json\/wp\/v2\/pages"}],"about":[{"href":"https:\/\/www.portti.org\/kauppa\/wp-json\/wp\/v2\/types\/page"}],"author":[{"embeddable":true,"href":"https:\/\/www.portti.org\/kauppa\/wp-json\/wp\/v2\/users\/1"}],"replies":[{"embeddable":true,"href":"https:\/\/www.portti.org\/kauppa\/wp-json\/wp\/v2\/comments?post=1966"}],"version-history":[{"count":1,"href":"https:\/\/www.portti.org\/kauppa\/wp-json\/wp\/v2\/pages\/1966\/revisions"}],"predecessor-version":[{"id":1967,"href":"https:\/\/www.portti.org\/kauppa\/wp-json\/wp\/v2\/pages\/1966\/revisions\/1967"}],"wp:attachment":[{"href":"https:\/\/www.portti.org\/kauppa\/wp-json\/wp\/v2\/media?parent=1966"}],"curies":[{"name":"wp","href":"https:\/\/api.w.org\/{rel}","templated":true}]}}